
Calculate the remainder when 444 is divided by 117.
93
Calculate the remainder when 340 is divided by 16.
4
What is the remainder when 838 is divided by 416?
6
What is the remainder when 284 is divided by 116?
52
Calculate the remainder when 3968 is divided by 27.
26
What is the remainder when 189 is divided by 35?
14
Calculate the remainder when 2249 is divided by 46.
41
What is the remainder when 3743 is divided by 741?
38
What is the remainder when 64 is divided by 14?
8
Calculate the remainder when 13722 is divided by 5.
2
What is the remainder when 4182 is divided by 15?
12
What is the remainder when 311 is divided by 35?
31
What is the remainder when 159 is divided by 49?
12
Calculate the remainder when 95 is divided by 2.
1
What is the remainder when 441 is divided by 168?
105
What is the remainder when 779 is divided by 29?
25
Calculate the remainder when 2934 is divided by 712.
86
What is the remainder when 7339 is divided by 175?
164
What is the remainder when 472 is divided by 22?
10
Calculate the remainder when 1556 is divided by 41.
39
What is the remainder when 715 is divided by 34?
1
What is the remainder when 513 is divided by 14?
9
What is the remainder when 257 is divided by 249?
8
Calculate the remainder when 501 is divided by 8.
5
What is the remainder when 2367 is divided by 9?
0
Calculate the remainder when 2637 is divided by 40.
37
Calculate the remainder when 213 is divided by 19.
4
What is the remainder when 4103 is divided by 79?
74
What is the remainder when 125 is divided by 28?
13
What is the remainder when 16 is divided by 9?
7
What is the remainder when 526 is divided by 14?
8
What is the remainder when 225 is divided by 57?
54
What is the remainder when 284 is divided by 79?
47
What is the remainder when 518 is divided by 104?
102
Calculate the remainder when 427 is divided by 15.
7
What is the remainder when 35 is divided by 9?
8
What is the remainder when 449 is divided by 117?
98
Calculate the remainder when 74 is divided by 3.
2
What is the remainder when 1170 is divided by 17?
14
What is the remainder when 556 is divided by 184?
4
What is the remainder when 1900 is divided by 95?
0
Calculate the remainder when 255 is divided by 107.
41
Calculate the remainder when 109 is divided by 15.
4
Calculate the remainder when 291 is divided by 39.
18
What is the remainder when 2394 is divided by 10?
4
What is the remainder when 5178 is divided by 28?
26
What is the remainder when 210 is divided by 68?
6
Calculate the remainder when 475 is divided by 169.
137
Calculate the remainder when 506 is divided by 51.
47
Calculate the remainder when 109 is divided by 108.
1
What is the remainder when 246 is divided by 107?
32
Calculate the remainder when 112 is divided by 10.
2
Calculate the remainder when 183 is divided by 57.
12
Calculate the remainder when 212 is divided by 129.
83
Calculate the remainder when 35 is divided by 13.
9
What is the remainder when 1706 is divided by 251?
200
What is the remainder when 43 is divided by 9?
7
What is the remainder when 240 is divided by 136?
104
Calculate the remainder when 562 is divided by 196.
170
What is the remainder when 4729 is divided by 215?
214
Calculate the remainder when 130 is divided by 24.
10
What is the remainder when 243 is divided by 70?
33
What is the remainder when 523 is divided by 131?
130
What is the remainder when 1675 is divided by 285?
250
Calculate the remainder when 914 is divided by 151.
8
What is the remainder when 2451 is divided by 610?
11
Calculate the remainder when 544 is divided by 78.
76
What is the remainder when 689 is divided by 77?
73
What is the remainder when 41 is divided by 8?
1
Calculate the remainder when 320 is divided by 101.
17
What is the remainder when 244 is divided by 136?
108
Calculate the remainder when 2142 is divided by 33.
30
What is the remainder when 2373 is divided by 44?
41
What is the remainder when 408 is divided by 12?
0
Calculate the remainder when 169 is divided by 52.
13
Calculate the remainder when 1516 is divided by 217.
214
What is the remainder when 283 is divided by 57?
55
Calculate the remainder when 1918 is divided by 17.
14
Calculate the remainder when 1805 is divided by 48.
29
What is the remainder when 65 is divided by 54?
11
What is the remainder when 319 is divided by 72?
31
Calculate the remainder when 172 is divided by 46.
34
What is the remainder when 306 is divided by 53?
41
Calculate the remainder when 105 is divided by 19.
10
What is the remainder when 138 is divided by 32?
10
What is the remainder when 326 is divided by 82?
80
What is the remainder when 2313 is divided by 19?
14
Calculate the remainder when 83 is divided by 18.
11
Calculate the remainder when 599 is divided by 10.
9
Calculate the remainder when 67 is divided by 7.
4
Calculate the remainder when 163 is divided by 19.
11
Calculate the remainder when 692 is divided by 177.
161
Calculate the remainder when 10 is divided by 7.
3
What is the remainder when 3686 is divided by 30?
26
What is the remainder when 268 is divided by 27?
25
What is the remainder when 1868 is divided by 1862?
6
Calculate the remainder when 27190 is divided by 24.
22
What is the remainder when 223 is divided by 150?
73
Calculate the remainder when 326 is divided by 11.
7
What is the remainder when 202 is divided by 30?
22
What is the remainder when 191 is divided by 15?
11
What is the remainder when 363 is divided by 93?
84
What is the remainder when 75 is divided by 12?
3
What is the remainder when 89 is divided by 50?
39
What is the remainder when 189 is divided by 50?
39
Calculate the remainder when 868 is divided by 46.
40
What is the remainder when 161 is divided by 11?
7
Calculate the remainder when 1525 is divided by 140.
125
What is the remainder when 201 is divided by 68?
65
What is the remainder when 1899 is divided by 100?
99
What is the remainder when 63 is divided by 59?
4
Calculate the remainder when 463 is divided by 26.
21
What is the remainder when 113 is divided by 20?
13
What is the remainder when 593 is divided by 17?
15
Calculate the remainder when 953 is divided by 10.
3
Calculate the remainder when 1950 is divided by 31.
28
What is the remainder when 3193 is divided by 13?
8
What is the remainder when 1840 is divided by 28?
20
What is the remainder when 4950 is divided by 54?
36
Calculate the remainder when 332 is divided by 3.
2
Calculate the remainder when 1477 is divided by 20.
17
What is the remainder when 54467 is divided by 130?
127
What is the remainder when 1711 is divided by 30?
1
Calculate the remainder when 102 is divided by 13.
11
Calculate the remainder when 29767 is divided by 13.
10
Calculate the remainder when 250 is divided by 16.
10
What is the remainder when 891 is divided by 534?
357
What is the remainder when 3517 is divided by 320?
317
Calculate the remainder when 20534 is divided by 302.
300
What is the remainder when 267 is divided by 17?
12
Calculate the remainder when 34847 is divided by 396.
395
Calculate the remainder when 215 is divided by 15.
5
Calculate the remainder when 245 is divided by 89.
67
Calculate the remainder when 298 is divided by 51.
43
What is the remainder when 6166 is divided by 65?
56
Calculate the remainder when 3982 is divided by 993.
10
Calculate the remainder when 70 is divided by 33.
4
Calculate the remainder when 487 is divided by 49.
46
What is the remainder when 322 is divided by 15?
7
Calculate the remainder when 543 is divided by 16.
15
What is the remainder when 34251 is divided by 66?
63
What is the remainder when 4205 is divided by 7?
5
What is the remainder when 140 is divided by 24?
20
What is the remainder when 3529 is divided by 31?
26
What is the remainder when 14 is divided by 4?
2
What is the remainder when 293 is divided by 96?
5
What is the remainder when 7938 is divided by 13?
8
Calculate the remainder when 239 is divided by 13.
5
What is the remainder when 527 is divided by 98?
37
What is the remainder when 131 is divided by 4?
3
Calculate the remainder when 1237 is divided by 33.
16
Calculate the remainder when 233 is divided by 30.
23
What is the remainder when 109 is divided by 60?
49
Calculate the remainder when 4254 is divided by 15.
9
What is the remainder